 2*l - 46. Calculate the remainder when 707 is divided by r(30).
7
What is the remainder when 426 is divided by 45 + (-6 - 0) + 4?
39
Let q = 18 - 8. Calculate the remainder when (136/(-12) + 0 + -1)*-3 is divided by q.
7
Let t(i) = -2*i - 6*i - 4*i + i**2 - 5 + 4*i. Calculate the remainder when t(-3) is divided by 6.
4
Let j(d) = -3*d**2 + 23*d + 10. Let b = 50 - -45. What is the remainder when b is divided by j(7)?
23
Let z(c) = -6*c - 5. Let n(i) = -5*i**2 + 44*i - 26. What is the remainder when z(-4) is divided by n(8)?
1
Let b be 2/(-7)*-3*14. Suppose 48 = 4*o - b. Suppose 13*t - 8 = 44. What is the remainder when o is divided by t?
3
Suppose -10*o = -13*o. Suppose o = -z + 23. Calculate the remainder when z is divided by 13.
10
Suppose 0 = -f + 3*m + 14, 5*m = -5*f - 17 + 7. Suppose 5*p + 0*p + 265 = f*s, -131 = -s + 2*p. What is the remainder when s is divided by 42?
41
Suppose 0 = 10*v - 169 - 181. Suppose p + 4*j + 110 = 4*p, -v = -p + j. Calculate the remainder when 88 is divided by p.
28
Suppose 3*n - 35 = -8. Suppose 25 = -4*r + n*r. Suppose 3*h + 2*t - 3*t = 51, 17 = h + 4*t. Calculate the remainder when h is divided by r.
2
Suppose -3*g + 4*b + 33 = 0, -12*b + 7*b = -15. Calculate the remainder when 314 is divided by g.
14
Suppose -4*l + 2*l + 2 = 0. Suppose -3 = -o - l. Calculate the remainder when 4 is divided by o.
0
Let x(p) = p**2 - 12*p + 16. Let v be x(11). Let g(h) = h**3 - 3*h**2 - 7*h - 7. What is the remainder when 23*(3 + 0 + -2) is divided by g(v)?
7
Let d = -210 + 217. Calculate the remainder when 11 is divided by d.
4
Suppose -18*b + 0*b = 0. Suppose b = 12*x - 432 + 156. Calculate the remainder when 45 is divided by x.
22
Let d = -17 + -4. Let a = 5 - d. What is the remainder when 103 is divided by a?
25
Let a(f) = f**3 - 2*f**2 - 13*f + 10. What is the remainder when 4/(-14) - 2600/(-35) is divided by a(5)?
14
Suppose 3*j = j - 8, 3*a - j - 115 = 0. Let r(q) = -q**2 + 13*q + 61. Calculate the remainder when a is divided by r(16).
11
Let v(n) = n**2 + 66*n + 226. Suppose 3*o = -l - 0*l - 5, 0 = l - 3*o - 25. Suppose 3*j = 40 - l. Calculate the remainder when v(-63) is divided by j.
7
Calculate the remainder when 41 is divided by 355/21 + 42/441.
7
Suppose -782*h = -784*h + 108. Let y(c) = -c**3 - 8*c**2 - 7*c + 5. What is the remainder when h is divided by y(-7)?
4
Suppose -4*t - 12*d + 480 = -14*d, 4*t = -3*d + 500. What is the remainder when t is divided by 42?
38
Suppose -m + 4*g + 512 = -6*m, -5*m = -4*g + 528. Let d = m - -165. What is the remainder when d is divided by 32?
29
Let g = 676 - 479. What is the remainder when g is divided by 41?
33
Let x(o) = o**2 + 5*o - 17. Let g(n) = -2*n**3 - 7*n**2 + 3*n + 5. Let f be g(-4). What is the remainder when x(f) is divided by 28?
25
Suppose -5*i = -3*f + 6 - 36, 3*f = -i - 12. Suppose 4*y - 245 = -i*y. What is the remainder when 103 is divided by y?
33
Let i(n) = -3*n - 1. Let z(u) = u. Let k(h) = i(h) - z(h). Suppose -4*l + 37 + 7 = 0. What is the remainder when k(-5) is divided by l?
8
Let r = 7 - 6. Suppose 4*m - 5*m = 1. Calculate the remainder when 27/5 - (m - (-21)/15) is divided by r.
0
Let v = 31 - 22. Suppose -31*a + 116 = -969. Calculate the remainder when a is divided by v.
8
Suppose 12 = 4*v - 12. Let w = v + -1. Calculate the remainder when -8*7/(-4)*1 is divided by w.
4
Let q = -181 + 211. What is the remainder when 54 is divided by q?
24
Let p = -82 - -109. Suppose 15*t - 20 = 10*t. Calculate the remainder when p is divided by t.
3
Let o = -83 + 159. What is the remainder when o is divided by 20?
16
Suppose 2*j = 0, 4*c - 20 = 3*j + 2*j. Suppose c*p = p + 264. What is the remainder when (4/(-3))/((-4)/p) is divided by 6?
4
What is the remainder when (-2)/11 + (-26064)/(-88) is divided by 31?
17
Let l be 1/8*12 + 67/2. Suppose 0 = -3*m + l + 7. What is the remainder when 41 is divided by m?
13
Suppose -2*d + d = -11. Let c = 124 - 109. What is the remainder when c is divided by d?
4
Let c(k) = -k**3 - 5*k**2 + 10*k + 11. Calculate the remainder when 172 is divided by c(-7).
16
Let b(h) = -19*h - 33. Calculate the remainder when 333 is divided by b(-3).
21
Suppose -3*g + 9 = 3*n - 3, 3*n + 2*g = 17. Let u be (-1)/((-12)/n + 1). What is the remainder when 33 is divided by 0/u + 20 - 3?
16
Let j be 96/54 + (-6)/(-27). Suppose u = -3*v + 45, -j*u = -2*v + 7*v - 91. What is the remainder when u is divided by 17?
14
Let a = 62 - 38. Let p be (-4)/3*a/8. What is the remainder when p/26 - 1516/(-52) is divided by 10?
9
Suppose 0 = 4*r - 202 - 54. Suppose -4*s = 2*u - r, 5*u + 2*s - s - 115 = 0. Calculate the remainder when u is divided by 13.
9
Suppose -4*b - 10 = 18. Suppose 4*p = -4*v, -2*p + 7*p = -2*v + 9. What is the remainder when b/(-1 + 0) + -2 is divided by p?
2
Let x = 41 - 60. Let g = x + 22. Calculate the remainder when 6 is divided by g.
0
Let v(d) = d**3 - 2*d**2 + d - 3. Calculate the remainder when v(4) is divided by (-140 + 149)/((1 - 2)*-1).
6
Let j = -930 + 940. Calculate the remainder when j is divided by 2.
0
Let z be 5 - (7 - 4) - -2. Suppose -3*b + 27 + 38 = 4*s, 0 = -z*b + 2*s + 72. What is the remainder when b is divided by 12?
7
Let u = -4 - -5. Let d(h) = -2*h - 1. Let x(j) = j. Let g(t) = -d(t) + 4*x(t). Calculate the remainder when g(u) is divided by 4.
3
Let p = 196 + -140. Let i = 61 - p. What is the remainder when 13 is divided by i?
3
Suppose 4*i = -i + 40. Suppose 0 = -0*k - 2*k + 182. Let c = -53 + k. Calculate the remainder when c is divided by i.
6
What is the remainder when 62 is divided by (-5 - -6) + 3 - -8?
2
Suppose q + 35 = 149. What is the remainder when 347 is divided by q?
5
Let m(v) be the third derivative of -v**4/2 + 5*v**3/3 - 9*v**2. What is the remainder when m(-9) is divided by 30?
28
Suppose 160 = 4*y - 128. What is the remainder when 199 is divided by y?
55
Let p(n) = n + 85. Calculate the remainder when p(17) is divided by 59.
43
Let j(l) = -l - 40. Let u be j(-19). Let c(m) = -m**2 - 22*m - 11. What is the remainder when 48 is divided by c(u)?
8
What is the remainder when (-240 + 3)/(6 + 105/(-14)) is divided by 14?
4
Suppose 7*j = 250 + 177. Suppose 4*c - 9 = -1. Suppose 3*h = o + 99, c*h + 2*o + 1 = 59. Calculate the remainder when j is divided by h.
29
Suppose -365 = -5*n - 3*y, 3*n - 4*y = 1 + 218. Suppose -h = -0*h - n. Let p = -4275 - -4294. What is the remainder when h is divided by p?
16
Let x(u) = u**3 + 3*u**2 + u + 1. Let m be x(-4). Let k = m + 24. What is the remainder when 19 is divided by k?
4
Suppose 3*x - 5*m + 7 = -16, -58 = 3*x + 2*m. Let g = x + 97. What is the remainder when g is divided by 21?
18
Let p be 211 - 1/((-5)/(-10)). Suppose -48 = 7*y - p. Calculate the remainder when y is divided by 12.
11
Suppose 80 = 5*q - v - 4*v, 5*q + 2*v - 66 = 0. What is the remainder when ((-66)/(-363) + 222/(-11))*22/(-8) is divided by q?
13
Let n(s) = 2*s**2 + 2*s. Suppose 0 = -g - 11*g + 156. What is the remainder when n(-4) is divided by g?
11
Calculate the remainder when 292 is divided by (-6)/15*-5 - 4/(-4).
1
Suppose -3*q + 10 = z, -50 = -5*z + 3*q - 5*q. Suppose -2*d = -z, -3*d + d = -2*m + 58. Calculate the remainder when m is divided by 18.
16
Suppose -45 = -3*v + 3*x, -2*v + 4*x = -7*v + 75. Let y = v + 7. What is the remainder when y is divided by 2 - (2 + -3 + -6)?
4
Let k(p) = -10*p**3 + p**2 - 3*p - 2. Let j(y) = -y**3 + 11*y**2 + 7*y - 47. What is the remainder when k(-2) is divided by j(11)?
28
Let k be -2*(-2)/4 + 7. Let a(w) = -w**2 + 6*w + 21. What is the remainder when 9 is divided by a(k)?
4
Suppose 0 = 7*r - 3634 - 377. What is the remainder when r is divided by 64?
61
What is the remainder when (-3 - 115/(-5))*(-88)/(-4) is divided by 49?
48
Suppose 6*y = 1771 - 55. Calculate the remainder when y is divided by 58.
54
Let a(y) = -2*y**2 - 37*y - 98. What is the remainder when a(-10) is divided by 10?
2
Let k = -7 - -30. Let s = 602 - 513. What is the remainder when s is divided by k?
20
Let t = 322 - 113. What is the remainder when t is divided by 53?
50
Let l(z) = -30*z. Suppose 0 = -3*t + 4*t + 1. Let v(b) = 3*b**2 - 2*b + 3. Calculate the remainder when l(t) is divided by v(2).
8
Let r(u) be the first derivative of -15*u + 8 + 1/3*u**3 + 2*u**2. What is the remaind